{"id":3,"date":"2023-07-17T11:57:15","date_gmt":"2023-07-17T14:57:15","guid":{"rendered":"http:\/\/diagnosticodesatisfacao.com.br\/?page_id=3"},"modified":"2023-07-26T10:12:34","modified_gmt":"2023-07-26T13:12:34","slug":"politica-de-privacidade","status":"publish","type":"page","link":"https:\/\/diagnosticodesatisfacao.com.br\/?page_id=3","title":{"rendered":"Pol\u00edtica de privacidade"},"content":{"rendered":"\n<p><strong>Publicidade, cookies e outras tecnologias<\/strong><\/p>\n\n\n\n<p>Podemos usar \u201ccookies\u201d e outras tecnologias de rastreamento (por exemplo, \u201cweb beacons\u201d) para conhecer seus interesses, as p\u00e1ginas que voc\u00ea navegou, seus padr\u00f5es de tr\u00e1fego e seu comportamento. Assim, podemos oferecer um servi\u00e7o melhor e tamb\u00e9m conte\u00fado e publicidade que sejam do seu interesse.<\/p>\n\n\n\n<p>Voc\u00ea pode desativar cookies e web beacons a qualquer momento ou cancelar a inscri\u00e7\u00e3o para receber nossos e-mails promocionais. Por\u00e9m, ao desativar essas tecnologias, talvez voc\u00ea n\u00e3o consiga usar e aproveitar todos os recursos que oferecemos.<br>O procedimento para desativar \u00e9 diferente para cada navegador; voc\u00ea precisar\u00e1 fazer isso em cada um dos que usa, pesquise sobre o seu navegador e como fazer a desativa\u00e7\u00e3o.<\/p>\n\n\n\n<p>Altera\u00e7\u00f5es na declara\u00e7\u00e3o de privacidade<\/p>\n\n\n\n<p>Se fizermos altera\u00e7\u00f5es na forma como tratamos seus dados, notificaremos voc\u00ea pelos canais habituais, como e-mail ou mensagens atrav\u00e9s dos aplicativos nas nossas plataformas. Nos casos em que precisamos da sua aprova\u00e7\u00e3o, vamos notific\u00e1-lo por estes meios para que voc\u00ea possa decidir se concorda ou n\u00e3o.<\/p>\n","protected":false},"excerpt":{"rendered":"<p>Publicidade, cookies e outras tecnologias Podemos usar \u201ccookies\u201d e outras tecnologias de rastreamento (por exemplo, \u201cweb beacons\u201d) para conhecer seus interesses, as p\u00e1ginas que voc\u00ea navegou, seus padr\u00f5es de tr\u00e1fego e seu comportamento. Assim, podemos oferecer um servi\u00e7o melhor e tamb\u00e9m conte\u00fado e publicidade que sejam do seu interesse. Voc\u00ea pode desativar cookies e web [&hellip;]<\/p>\n","protected":false},"author":1,"featured_media":0,"parent":0,"menu_order":0,"comment_status":"closed","ping_status":"open","template":"","meta":[],"_links":{"self":[{"href":"https:\/\/diagnosticodesatisfacao.com.br\/index.php?rest_route=\/wp\/v2\/pages\/3"}],"collection":[{"href":"https:\/\/diagnosticodesatisfacao.com.br\/index.php?rest_route=\/wp\/v2\/pages"}],"about":[{"href":"https:\/\/diagnosticodesatisfacao.com.br\/index.php?rest_route=\/wp\/v2\/types\/page"}],"author":[{"embeddable":true,"href":"https:\/\/diagnosticodesatisfacao.com.br\/index.php?rest_route=\/wp\/v2\/users\/1"}],"replies":[{"embeddable":true,"href":"https:\/\/diagnosticodesatisfacao.com.br\/index.php?rest_route=%2Fwp%2Fv2%2Fcomments&post=3"}],"version-history":[{"count":1,"href":"https:\/\/diagnosticodesatisfacao.com.br\/index.php?rest_route=\/wp\/v2\/pages\/3\/revisions"}],"predecessor-version":[{"id":8,"href":"https:\/\/diagnosticodesatisfacao.com.br\/index.php?rest_route=\/wp\/v2\/pages\/3\/revisions\/8"}],"wp:attachment":[{"href":"https:\/\/diagnosticodesatisfacao.com.br\/index.php?rest_route=%2Fwp%2Fv2%2Fmedia&parent=3"}],"curies":[{"name":"wp","href":"https:\/\/api.w.org\/{rel}","templated":true}]}}